onvert 12649 (base 11) to base 2.
100011010100010
What is 21 (base 15) in base 11?
29
Convert 12003110 (base 4) to base 11.
17695
-17617 (base 8) to base 6
-101223
-1001010010011011 (base 2) to base 6
-452043
Convert -434 (base 8) to base 13.
-18b
What is 4a59 (base 13) in base 7?
42523
201110 (base 3) to base 9
643
What is -1300 (base 7) in base 5?
-3430
Convert 236 (base 10) to base 3.
22202
What is -1230 (base 7) in base 3?
-122010
Convert -75111 (base 8) to base 2.
-111101001001001
20211011 (base 3) to base 15
1717
What is a85 (base 14) in base 16?
81d
1022 (base 5) to base 13
a7
What is -110101100 (base 2) in base 11?
-35a
Convert -2300142 (base 5) to base 2.
-1001111011100000
Convert 6cc (base 13) to base 12.
826
1110111100001 (base 2) to base 14
2b05
Convert 210442 (base 6) to base 2.
100001001111010
-388 (base 9) to base 12
-22b
Convert 101201 (base 3) to base 4.
10201
Convert 560 (base 15) to base 13.
726
Convert 101221 (base 3) to base 12.
207
Convert ab79 (base 16) to base 4.
22231321
-1433120 (base 5) to base 10
-30410
123411 (base 7) to base 2
101100100111010
What is -15410 (base 6) in base 8?
-4736
Convert -42a (base 12) to base 7.
-1531
What is 101011101001 (base 2) in base 9?
3743
Convert 2340021 (base 5) to base 4.
22202000
-144116 (base 7) to base 13
-c89c
What is 124 (base 12) in base 11?
147
Convert -1104430 (base 5) to base 10.
-19365
12840 (base 9) to base 12
5053
Convert 1175 (base 10) to base 11.
979
8ec9 (base 15) to base 14
b0b1
-177 (base 14) to base 5
-2201
1257 (base 12) to base 11
1624
-1e7e (base 15) to base 16
-19f4
What is 9b5c (base 13) in base 9?
32701
Convert -200011202 (base 3) to base 14.
-4b86
Convert -100200012 (base 3) to base 12.
-40b8
42317 (base 8) to base 10
17615
What is -677 (base 12) in base 8?
-1673
-24b08 (base 14) to base 10
-89972
What is -12311 (base 4) in base 9?
-535
-200210201 (base 3) to base 6
-143244
-145413 (base 7) to base 8
-67254
-cac (base 16) to base 14
-127a
What is 7189 (base 10) in base 2?
1110000010101
-1140 (base 6) to base 14
-15a
Convert -28b0 (base 13) to base 11.
-4474
Convert -b79 (base 12) to base 10.
-1677
What is -314012 (base 7) in base 16?
-d3bb
What is -9296 (base 11) in base 15?
-39bb
What is 3b (base 16) in base 10?
59
What is 54996 (base 10) in base 3?
2210102220
-3522 (base 10) to base 7
-13161
What is 192 (base 14) in base 11?
275
-11001011001000 (base 2) to base 9
-18744
Convert -7b0 (base 14) to base 12.
-a72
What is -406 (base 14) in base 8?
-1426
What is -11875 (base 10) in base 13?
-5536
2d78 (base 16) to base 6
125520
-31130 (base 4) to base 5
-11420
3463 (base 7) to base 3
1202001
Convert 1111100000000 (base 2) to base 5.
223221
Convert -22e7 (base 16) to base 6.
-105211
Convert -177 (base 15) to base 8.
-521
What is -2565 (base 8) in base 10?
-1397
-b01 (base 12) to base 16
-631
Convert -534 (base 12) to base 11.
-631
What is -3806 (base 10) in base 4?
-323132
What is -2c1c (base 16) in base 9?
-16436
Convert -10111100010 (base 2) to base 15.
-6a6
43ab (base 13) to base 15
2be1
What is 2626 (base 14) in base 2?
1101000101010
Convert -a02 (base 15) to base 14.
-b6c
-3544 (base 9) to base 15
-ba7
Convert 11a2 (base 12) to base 15.
8ce
Convert -469 (base 13) to base 15.
-35d
What is 101000110110011 (base 2) in base 11?
14794
Convert -1000111010 (base 2) to base 4.
-20322
141431 (base 7) to base 6
324512
What is -185 (base 9) in base 7?
-314
-120812 (base 9) to base 7
-422222
What is 596 (base 10) in base 14?
308
Convert -1000010111 (base 2) to base 13.
-322
What is 3446 (base 10) in base 6?
23542
13000 (base 4) to base 15
1ed
Convert 8588 (base 10) to base 13.
3ba8
Convert -20144 (base 5) to base 15.
-5b9
What is -13dc (base 15) in base 12?
-2569
15002 (base 7) to base 3
12122112
What is -1b9 (base 15) in base 4?
-12033
Convert 758 (base 9) to base 5.
4440
What is 2c88 (base 13) in base 10?
6534
What is 5062 (base 12) in base 16?
220a
-174272 (base 8) to base 9
-106308
Convert -3494 (base 11) to base 10.
-4580
Convert -121233 (base 4) to base 10.
-1647
What is -3089 (base 11) in base 8?
-7772
-21031 (base 4) to base 7
-1501
Convert -40163 (base 8) to base 11.
-1143a
Convert 2508 (base 10) to base 12.
1550
Convert -11130 (base 4) to base 13.
-20a
What is 6d2 (base 15) in base 7?
4340
-5281 (base 13) to base 15
-35bd
What is -1310 (base 12) in base 5?
-32142
Convert -29442 (base 11) to base 4.
-22030333
Convert 5043 (base 7) to base 8.
3322
What is 302453 (base 6) in base 7?
126534
What is 11326 (base 7) in base 8?
5537
What is 102043 (base 5) in base 13?
1715
Convert -12734 (base 9) to base 10.
-8617
-1387 (base 12) to base 14
-b79
4d0 (base 15) to base 8
2107
17289 (base 10) to base 12
a009
What is 186 (base 13) in base 5?
2104
-69bd (base 16) to base 14
-9c17
748 (base 15) to base 4
121223
What is -797 (base 11) in base 14?
-4c1
11100110010 (base 2) to base 5
24332
What is c46 (base 14) in base 3?
10022102
Convert -17134 (base 10) to base 6.
-211154
What is -1042 (base 6) in base 12?
-182
Convert -25079 (base 10) to base 14.
-91d5
-101101100 (base 2) to base 10
-364
-21313110 (base 4) to base 8
-116724
Convert 1321 (base 7) to base 16.
1f9
-134022 (base 6) to base 3
-122012112
Convert -111 (base 15) to base 10.
-241
Convert -54757 (base 9) to base 14.
-d35a
520 (base 7) to base 3
100121
Convert 3452 (base 12) to base 13.
285b
303224 (base 5) to base 7
40420
Convert 1104451 (base 6) to base 10.
55471
Convert -18c (base 13) to base 15.
-140
Convert 14230 (base 8) to base 14.
241a
Convert -1007b (base 13) to base 11.
-1a598
-1210330 (base 4) to base 3
-22212021
Convert -5110 (base 6) to base 12.
-796
What is 442 (base 11) in base 7?
1355
Convert -5b6 (base 12) to base 3.
-1011210
-1021123 (base 4) to base 3
-20110001
Convert 1065 (base 8) to base 6.
2341
Convert -3aaa (base 13) to base 15.
-2766
Convert 19cc5 (base 13) to base 9.
76266
Convert 1340 (base 9) to base 5.
13013
What is 23240 (base 5) in base 13?
a05
What is -16a (base 16) in base 2?
-101101010
What is -9157 (base 10) in base 15?
-2aa7
200 (base 7) to base 14
70
What is 337 (base 12) in base 5?
3400
Convert -4d8 (base 15) to base 7.
-3134
4344 (base 7) to base 11
1190
What is 514 (base 8) in base 7?
653
Convert -12d (base 14) to base 7.
-456
What is -15337 (base 16) in base 11?
-5a275
Convert -1113 (base 11) to base 14.
-76a
Convert 6407 (base 11) to base 14.
3137
Convert -2021100020 (base 3) to base 5.
-2412333
What is 11 (base 10) in base 11?
10
Convert d120 (base 15) to base 8.
126142
Convert -3598 (base 12) to base 11.
-4583
What is 8ad (base 15) in base 11?
1525
-45120 (base 7) to base 11
-8608
What is -210110 (base 3) in base 4?
-21003
Convert 870 (base 10) to base 3.
1012020
Convert 1211 (base 5) to base 3.
20201
20302 (base 4) to base 15
277
Convert -ca9 (base 14) to base 15.
-b1b
What is 2941 (base 11) in base 2?
111011010100
-10100010011 (base 2) to base 3
-1210010
12413 (base 8) to base 13
25b5
What is 300332 (base 4) in base 5?
100014
-1076 (base 9) to base 7
-2220
Convert 2de (base 15) to base 9.
812
4424 (base 9) to base 7
12340
What is 29a4 (base 13) in base 10?
6049
What is 5459 (base 10) in base 5?
133314
Convert 60622 (base 8) to base 7.
132552
111100001010010 (base 2) to base 8
74122
What is 43202 (base 8) in base 10?
18050
Convert -11a5 (base 11) to base 8.
-3037
What is 9a48 (base 11) in base 14?
4b7b
What is 410511 (base 7) in base 5?
4214012
What is -1121122 (base 3) in base 9?
-1548
What is -2145 (base 13) in base 9?
-6303
Convert -13220 (base 5) to base 4.
-100210
1101010100101110 (base 2) to base 11
38003
Convert -cad4 (base 15) to base 4.
-22133011
Convert 20543 (base 8) to base 13.
3b76
132544 (base 6) to base 5
343204
What is 150 (base 12) in base 9?
246
Convert 204223 (base 5) to base 12.
3b39
What is 687c (base 14) in base 10?
18142
What is 1076 (base 12) in base 5?
24233
What is -119 (base 11) in base 16?
-8d
What is -1a (base 15) in base 5?
-100
What is 3223123 (base 4) in base 14?
56c3
What is 112221120 (base 3) in base 15?
3366
What is -828 (base 9) in base 13?
-3cb
What is -9 (base 16) in base 15?
-9
Convert 2a (base 14) to base 6.
102
What is -121100010 (base 3) in base 2?
-10111010000110
What is 928b (base 12) in base 14?
5b51
15a90 (base 13) to base 1